{"id":504,"date":"2019-07-12T08:12:37","date_gmt":"2019-07-12T08:12:37","guid":{"rendered":"http:\/\/n2\/?page_id=504"},"modified":"2023-03-01T08:32:29","modified_gmt":"2023-03-01T08:32:29","slug":"couchn","status":"publish","type":"page","link":"https:\/\/www.tischla.com\/index.php\/couchn\/","title":{"rendered":"Sofa | Daybed | R\u00e9camiere"},"content":{"rendered":"\n<p>L 218 cm B 80 cm H 101 cm, Sitzh\u00f6he: 45 cm<\/p>\n\n\n\n<p>Luxuri\u00f6ses Daybed aus Palisander-Vollholz<br>Auf Wunsch mit Ausziehtisch&nbsp;und&nbsp;Geheimschublade<br>Stabiler Zugfederrahmen, bequeme Kaltschaum-Polstermatratze, Bezug: &nbsp;&#8222;Stanmer&#8220; von Designers Guild<\/p>\n\n\n\n<p>Ma\u00dfe, Bezugsstoffe und Holzsorte nach Wunsch. Preise auf Anfrage. Wir f\u00fchren hochwertige Polsterstoffe exklusiver Hersteller wie<\/p>\n\n\n\n<p><a href=\"https:\/\/www.designersguild.com\/de\/l0\">designersguild.com<\/a><br><a href=\"https:\/\/www.osborneandlittle.com\/\">osborneandlittle.com<\/a><br><a href=\"https:\/\/www.colefax.com\/\">colefax.com<\/a><\/p>\n\n\n\n<p><strong>Hier eine Auswahl unserer Sofas, Daybeds und R\u00e9camieren:<\/strong><\/p>\n\n\n\nngg_shortcode_0_placeholder\n\n\n\n<p><em>Haruki Murakami in \u201eHard-boiled Wonderland und das Ende der Welt\u201c:<\/em><\/p>\n\n\n\n<p><em>\u201eWarum die Leute bei der Wahl ihrer Sofas derma\u00dfen nachl\u00e4ssig  sind, ist mir ein R\u00e4tsel. Ich bin davon \u00fcberzeugt \u2013 das ist eines meiner Vorurteile -, dass sich die Vornehmheit eines Menschen in der Wahl  seines Sofas zeigt. Das Sofa ist eine der festen Burgen, die sich nicht  ersch\u00fcttern lassen.&nbsp;Das wissen aber nur die, welche mit  bequemen Sofas gro\u00df geworden sind. Es ist dasselbe, wie mit guten  B\u00fcchern oder guter Musik gro\u00df geworden zu sein. (\u2026) &nbsp;Ich  kenne eine ganze Reihe von Leuten, die Luxuslimousinen fahren, zu Hause  aber h\u00f6chstens zweit- oder drittklassige Sofas haben. Solchen Leuten  traue ich nicht. (\u2026) &nbsp;Ein teures Auto hat seinen Wert, ohne Frage,  aber es ist und bleibt eben nur ein teures Auto. Jeder, der Geld hat, kann sich eins kaufen. Zum Erwerb eines guten Sofas aber braucht man W\u00fcrde, Erfahrung, Philosophie.\u201c&nbsp;<\/em><\/p>\n","protected":false},"excerpt":{"rendered":"<p>L 218 cm B 80 cm H 101 cm, Sitzh\u00f6he: 45 cm Luxuri\u00f6ses Daybed aus Palisander-VollholzAuf Wunsch mit Ausziehtisch&nbsp;und&nbsp;GeheimschubladeStabiler Zugfederrahmen, bequeme Kaltschaum-Polstermatratze, Bezug: &nbsp;&#8222;Stanmer&#8220; von Designers Guild Ma\u00dfe, Bezugsstoffe und Holzsorte nach Wunsch. Preise auf&hellip;<\/p>\n<p class=\"more-link-wrapper\"><a href=\"https:\/\/www.tischla.com\/index.php\/couchn\/\" class=\"more-link\">Continue Reading<span class=\"screen-reader-text\"> &#8222;Sofa | Daybed | R\u00e9camiere&#8220;<\/span><\/a><\/p>\n","protected":false},"author":1,"featured_media":1774,"parent":0,"menu_order":0,"comment_status":"closed","ping_status":"closed","template":"","meta":{"ngg_post_thumbnail":0,"footnotes":""},"class_list":["post-504","page","type-page","status-publish","has-post-thumbnail","hentry"],"_links":{"self":[{"href":"https:\/\/www.tischla.com\/index.php\/wp-json\/wp\/v2\/pages\/504","targetHints":{"allow":["GET"]}}],"collection":[{"href":"https:\/\/www.tischla.com\/index.php\/wp-json\/wp\/v2\/pages"}],"about":[{"href":"https:\/\/www.tischla.com\/index.php\/wp-json\/wp\/v2\/types\/page"}],"author":[{"embeddable":true,"href":"https:\/\/www.tischla.com\/index.php\/wp-json\/wp\/v2\/users\/1"}],"replies":[{"embeddable":true,"href":"https:\/\/www.tischla.com\/index.php\/wp-json\/wp\/v2\/comments?post=504"}],"version-history":[{"count":34,"href":"https:\/\/www.tischla.com\/index.php\/wp-json\/wp\/v2\/pages\/504\/revisions"}],"predecessor-version":[{"id":2046,"href":"https:\/\/www.tischla.com\/index.php\/wp-json\/wp\/v2\/pages\/504\/revisions\/2046"}],"wp:featuredmedia":[{"embeddable":true,"href":"https:\/\/www.tischla.com\/index.php\/wp-json\/wp\/v2\/media\/1774"}],"wp:attachment":[{"href":"https:\/\/www.tischla.com\/index.php\/wp-json\/wp\/v2\/media?parent=504"}],"curies":[{"name":"wp","href":"https:\/\/api.w.org\/{rel}","templated":true}]}}